{"id":128,"date":"2026-02-02T10:06:34","date_gmt":"2026-02-02T09:06:34","guid":{"rendered":"https:\/\/fastgrow.pl\/h4ppa\/?post_type=product&#038;p=128"},"modified":"2026-02-05T15:08:13","modified_gmt":"2026-02-05T14:08:13","slug":"hojicha-and-cinnamon-50g","status":"publish","type":"product","link":"https:\/\/fastgrow.pl\/h4ppa\/produkt\/hojicha-and-cinnamon-50g\/","title":{"rendered":"HOJICHA AND CINNAMON 50G"},"content":{"rendered":"<p>H\u014djicha to jedna z najpopularniejszych zielonych herbat w Japonii. Powsta\u0142a w procesie pra\u017cenia li\u015bci i ga\u0142\u0105zek herbacianych co nadaje naparowi pi\u0119kny kolor ochry. H\u014djicha to jednak nie tylko pi\u0119kna barwa, ale tak\u017ce aromat i smak pra\u017conych orzech\u00f3w i delikatnych nut cynamonu. Dlatego by\u0142a dla nas oczywistym wyborem przy projekcie \u201csklepy cynamonowe\u201d, a jako \u017ce wsp\u00f3\u0142pracujemy w Japonii z bardzo kreatywnymi farmerami, postanowili\u015bmy poprosi\u0107 o wyci\u0105gni\u0119cie tego smaku jeszcze wy\u017cej dodaj\u0105c do niej dodatkowe, delikatne nuty cynamonowe. I tak powsta\u0142a \u201ch\u014djicha and cinnamon\u201d, kt\u00f3rej smak i aromat wprawia\u0107 nas ma w stan zimowego otulenia. Mocno wyczuwalne nuty wilgotnego drewna, po\u0142\u0105czone z cynamonem nadaj\u0105 jej bardzo wyj\u0105tkowy smak, pozostaj\u0105c w duchu japo\u0144skiego minimalizmu.<\/p>\n<p>Zapakowana w doskona\u0142\u0105 do przechowywania herbaty aluminiow\u0105 tub\u0119 wielorazowego u\u017cytku, schowan\u0105 w pi\u0119kne pude\u0142ko zaprojektowane przez Aleksandr\u0119 Czud\u017cak. Przypomina nam o kogarashi (\u51e9), japo\u0144skim wietrze, kt\u00f3ry zrzuca ostatnie li\u015bcie z jesiennych drzew, symbolizuj\u0105c pocz\u0105tek zimy.<\/p>\n<p>Produkt przygotowany ekskluzywnie dla <a class=\"anchor-url\" href=\"https:\/\/www.warszawskiesklepycynamonowe.pl\/\" target=\"_blank\" rel=\"noopener noreferrer\">Warszawskich Sklep\u00f3w Cynamonowych<\/a> . Dost\u0119pny w sprzeda\u017cy od 15 listopada do 24 grudnia.<\/p>\n","protected":false},"excerpt":{"rendered":"<p>H\u014djicha to jedna z najpopularniejszych zielonych herbat w Japonii. Powsta\u0142a w procesie pra\u017cenia li\u015bci i ga\u0142\u0105zek herbacianych co nadaje naparowi pi\u0119kny kolor ochry. H\u014djicha to jednak nie tylko pi\u0119kna barwa, ale tak\u017ce aromat i smak pra\u017conych orzech\u00f3w i delikatnych nut cynamonu. Dlatego by\u0142a dla nas oczywistym wyborem przy projekcie \u201csklepy cynamonowe\u201d, a jako \u017ce wsp\u00f3\u0142pracujemy [&hellip;]<\/p>\n","protected":false},"featured_media":129,"comment_status":"open","ping_status":"closed","template":"","meta":{"_acf_changed":false},"product_brand":[],"product_cat":[21],"product_tag":[],"class_list":{"0":"post-128","1":"product","2":"type-product","3":"status-publish","4":"has-post-thumbnail","6":"product_cat-hojicha","8":"first","9":"instock","10":"taxable","11":"shipping-taxable","12":"purchasable","13":"product-type-simple"},"acf":[],"_links":{"self":[{"href":"https:\/\/fastgrow.pl\/h4ppa\/wp-json\/wp\/v2\/product\/128","targetHints":{"allow":["GET"]}}],"collection":[{"href":"https:\/\/fastgrow.pl\/h4ppa\/wp-json\/wp\/v2\/product"}],"about":[{"href":"https:\/\/fastgrow.pl\/h4ppa\/wp-json\/wp\/v2\/types\/product"}],"replies":[{"embeddable":true,"href":"https:\/\/fastgrow.pl\/h4ppa\/wp-json\/wp\/v2\/comments?post=128"}],"wp:featuredmedia":[{"embeddable":true,"href":"https:\/\/fastgrow.pl\/h4ppa\/wp-json\/wp\/v2\/media\/129"}],"wp:attachment":[{"href":"https:\/\/fastgrow.pl\/h4ppa\/wp-json\/wp\/v2\/media?parent=128"}],"wp:term":[{"taxonomy":"product_brand","embeddable":true,"href":"https:\/\/fastgrow.pl\/h4ppa\/wp-json\/wp\/v2\/product_brand?post=128"},{"taxonomy":"product_cat","embeddable":true,"href":"https:\/\/fastgrow.pl\/h4ppa\/wp-json\/wp\/v2\/product_cat?post=128"},{"taxonomy":"product_tag","embeddable":true,"href":"https:\/\/fastgrow.pl\/h4ppa\/wp-json\/wp\/v2\/product_tag?post=128"}],"curies":[{"name":"wp","href":"https:\/\/api.w.org\/{rel}","templated":true}]}}